ose -7 = -2*o + 9. Let d = -2 + o. What is the remainder when 9 is divided by d?
3
Let r(k) = -k**2 - 3*k + 10. Let m be r(-8). Let c = m - -54. Calculate the remainder when c is divided by 13.
11
Let i = -1355 - -1374. Suppose -n + 33 = 2*y, -101 = -3*n - 0*y - 5*y. What is the remainder when n is divided by i?
18
Suppose -10 = 13*s - 309. Let r(d) = -d**3 + 7*d**2 + 5*d + 7. What is the remainder when r(7) is divided by s?
19
Let w(k) = -15*k - 360. Calculate the remainder when w(-42) is divided by 27.
0
Let o = -302 + 405. What is the remainder when o is divided by 9?
4
Let y(q) = -q + 6. Let a(s) = s + 1. Let n(v) = 6*a(v) - y(v). Let f be n(2). Let u = 37 + f. Calculate the remainder when u is divided by 26.
25
Let s = 0 - -7. What is the remainder when 32 is divided by (6/s)/((-1)/(-21))?
14
Let a = 2 + 5. Let l = 6 - a. Calculate the remainder when 49 is divided by 26 - 3 - (l + -1).
24
Calculate the remainder when -1 + -5 - -937 - (8 + -3) is divided by 15.
11
Suppose 0 = -4*n + 7*n. Suppose n*u + 4*u - 188 = 0. What is the remainder when u is divided by 7?
5
Let y(s) = s**2 - 3*s + 1. Calculate the remainder when -24*119/(-42) + (-4)/1 is divided by y(5).
9
Let q be -2*(1 - 2 - -2). Let a be 2 - (0/q)/2. Suppose -1 - 3 = -a*y. Calculate the remainder when y is divided by 1.
0
Let q be (-145)/(0 + -3 + 2 + 2). What is the remainder when 4 - 0 - (q + (5 - 5)) is divided by 25?
24
Let o(y) = 8*y**2 - 3*y + 1. Let z(d) = d**2 + 1. Let f(c) = o(c) - z(c). Calculate the remainder when f(4) is divided by 17.
15
Suppose -3*w = 2*r - 172 - 271, 5*r - 2*w - 1098 = 0. What is the remainder when r is divided by 3?
1
Suppose -2*y - 3125 = -5*d, 8*d = 3*d - 3*y + 3125. Calculate the remainder when d is divided by 33.
31
Suppose 8*j - 110 = 50. What is the remainder when 56 is divided by j?
16
Suppose 25*o - 9*o = 32. Suppose 5*x - 255 = -4*i + 2*x, 2*x = o. What is the remainder when i is divided by -2 + 22 + -1 + 3?
19
Let x be (-2)/(-8) - (4 + 60/(-16)). Let c(m) = m - 5. Let j be c(-5). What is the remainder when 4 - (3 + j + x) is divided by 2?
1
Let y be 4/(-10) - (-136)/40. Suppose 0 = -0*u - y*u + 96. Calculate the remainder when u is divided by 6/(-3) + (-13)/(-1).
10
Suppose -11*p = 59 - 4. Let r = p - -21. What is the remainder when 46 is divided by r?
14
Let x(s) = -s**2 + 18*s + 11. What is the remainder when ((-6)/24)/((-1)/76) - -2 is divided by x(18)?
10
Let h = 165 - 107. What is the remainder when h is divided by 10*3/18*(13 - 4)?
13
Suppose -10*h = 179 - 839. Suppose 0*f + f = 17. What is the remainder when h is divided by f?
15
Let r = -119 + 125. Let m(v) = 4*v + 50. What is the remainder when m(r) is divided by 74/4 + (-1)/(-2)?
17
What is the remainder when 210 + 1 + 1 - (-534)/89 is divided by 93?
32
Suppose -2*r = -33 - 149. What is the remainder when r is divided by 21?
7
Suppose 0 = 4*z - 3*z. Suppose 5*t = -3*y + 97, t + 4*t + 5*y - 95 = z. What is the remainder when 138 is divided by t?
18
Suppose -3*a + 65 = 5*z, 50 = -5*z + 9*z + 2*a. Suppose -4*n + 5*y - 3*y + 18 = 0, 5*n = -3*y + 39. What is the remainder when z is divided by n?
4
Let n = -5 - -4. Let k be (3 - n) + -2 + 4. Suppose -x = -k - 18. Calculate the remainder when x is divided by 14.
10
Let l(z) = 45*z**2 + z + 1. Suppose -452 - 916 = -114*a. What is the remainder when l(-1) is divided by a?
9
Let t = -148 + 211. Suppose -19 = -2*f + t. What is the remainder when f is divided by 14?
13
Let t(d) = 16 - 36 + 17 - 2*d**2 - 6*d - 3*d**3. What is the remainder when t(-2) is divided by 10?
5
Let m = 36 + -2. Suppose v = 3*v - 4*u - 8, 4*v - 3*u = 26. Suppose 5*z - v = -2*g, 5*g - 47 = z - 0*z. What is the remainder when m is divided by g?
7
Let u(a) = -a**3 + 19*a**2 - 19*a - 9. Let y be u(18). Let n = y + 50. What is the remainder when 44 is divided by n?
21
Suppose -2*h - w + 79 = -19, -w - 245 = -5*h. What is the remainder when 389 is divided by h?
46
Let v(t) = -3*t**2 - 4*t + 5. Let o be v(2). Let n = o - -57. Calculate the remainder when 80 is divided by n.
38
Suppose 4*n - 142 = -2*j, -3*n - 2*j + 6*j + 134 = 0. Let z = 271 - 207. Suppose 0 = 9*v - 26 - z. Calculate the remainder when n is divided by v.
8
Suppose 0 = 5*f + 179 - 19. Let t = -11 - f. Calculate the remainder when 21 is divided by 6/(-15)*(1 - t).
5
What is the remainder when 115 is divided by ((-1)/(-2 + 3))/(14/(-406))?
28
Let k(r) = 4*r**3 - r**2 - 2. Calculate the remainder when 50 is divided by k(2).
24
Let b(k) = 6*k**2 - 2*k - 1. Let y(j) = -2*j**2 + 21*j - 17. Calculate the remainder when y(9) is divided by b(-1).
3
Suppose -3*t - j = -122, 0 = 4*t - 5*t - 2*j + 44. Suppose -13*u + t = -11*u. What is the remainder when u is divided by 3?
2
Let v = -1709 - -1711. Let i(n) = -n - 4. Let k be i(-7). Suppose 6*f - k*f = 12. What is the remainder when f is divided by v?
0
Suppose 4*d - 158 = -4*g + 26, 3*g + 5*d - 130 = 0. Let h = 85 - g. What is the remainder when 102 is divided by h?
32
Let w = -7 - -12. Suppose -j - 4*i + 7 = 0, 3*j - 3 = 2*i - w*i. Let c(k) = -52*k**3 - 2*k**2 - k. What is the remainder when c(j) is divided by 18?
15
Let r = -9 - -8. Let j(q) = 10*q**2 - 2*q - 1. Let l = 4 - -39. What is the remainder when l is divided by j(r)?
10
Suppose -4*j + 669 = 325. What is the remainder when 255 is divided by j?
83
Let x = -73 + 107. What is the remainder when 60 is divided by x?
26
Let z be (4 + -3)/((-1)/1). Let m(a) = 8*a**2 + 2*a. Let w be m(-1). Let l = w + z. Calculate the remainder when 18 is divided by l.
3
Suppose j + 13 = -b - 0*b, 5 = -j. Let i(g) = 19*g - 4. Let s be i(b). Let w = -102 - s. What is the remainder when w is divided by 28?
26
Suppose -3*u = -5*f + 5, 4*u + 11 = -2*f + 39. Let m = -13 - f. Let r = 24 + m. What is the remainder when 13 is divided by r?
6
Let u(f) = -f + 2. Let z be u(4). Let a(h) = -19*h - 4. Calculate the remainder when a(z) is divided by 18.
16
Suppose -2260*w + 2307*w - 987 = 0. Let m(f) = 41*f + 2. What is the remainder when m(5) is divided by w?
18
Let x(z) = z**3 + z**2 + 3*z - 2. Suppose -2*y + 5 = 1. Calculate the remainder when 61 is divided by x(y).
13
Let o(n) = -6*n - 2. Let a be o(-1). Suppose 32 = 2*k + k - r, -5*r - 50 = -a*k. What is the remainder when 49 is divided by k?
9
Suppose 5201 = 73*z - 1296. Calculate the remainder when 236 is divided by z.
58
Suppose -16*r - 5 = -53. What is the remainder when 6 is divided by r?
0
Suppose -4*c + 1315 = 15*v - 18*v, -653 = -2*c + 3*v. What is the remainder when c is divided by 108?
7
Suppose 5*n - 7*d - 8 = -8*d, 11 = -n + 4*d. Calculate the remainder when 19 is divided by n.
0
Suppose 0 = 5*w - 5*r - 220, 4*r + 47 = w - 0*r. Suppose w = 5*f + 3. Calculate the remainder when 29 is divided by f.
5
Let r be (5/(-3) + 1)/((-13)/(-2574)). Let q = -127 - r. What is the remainder when 23 is divided by q?
3
Let g = -695 + 932. What is the remainder when g is divided by 20?
17
Let t(x) = 36*x**2 - 8*x - 5. Calculate the remainder when 49 is divided by t(-1).
10
Suppose 59*y - 489 = 3405. Calculate the remainder when y is divided by 23.
20
Let b = 0 - 2. Let p(i) be the second derivative of i**4/4 + i**3/3 + i**2/2 - 13*i. What is the remainder when 33 is divided by p(b)?
6
Suppose -4*v + 95 = v. Let o = 21 - v. What is the remainder when 20*(o - 27/(-12)) is divided by 22?
19
Let m(c) = 7*c**2 + 4*c - 21. Let y be m(4). Let z = y + -90. What is the remainder when 64 is divided by z?
13
Let y(j) = -4*j - 4. Let h be y(-2). Suppose -3*r + h*w = -31, 0 = 5*r - 3*w - 19 - 51. Calculate the remainder when 64 is divided by r.
13
Let j be (-2)/1*(2 - 1). Let q(k) = -8*k**3 + 2*k**2 - 4. Calculate the remainder when q(j) is divided by 24.
20
Suppose 23*q - 5*q - 234 = 0. Suppose 4*t = 79 - 251. Let a = t + 94. Calculate the remainder when a is divided by q.
12
Let s be (-36)/(-16) + 1/(-4). Suppose 4*k - 2*m = 14, -2*k + 4*k + s*m - 10 = 0. Let g = -123 + 129. Calculate the remainder when g is divided by k.
2
Let r = 408 - 235. Suppose -5*z + 0*z - 23 = -k, r = 5*k + 4*z. Calculate the remainder when k is divided by 15.
3
Let d = 0 + 8. Suppose -3*q + d*q = 230. Calculate the remainder when q is divided by 8.
6
Suppose -j + 4 = -17. Suppose 549 = -j*q + 24*q. What is the remainder when q i